1 - w/(-3))*-6.
7
Suppose 219 = 9*a - 258. What is the remainder when a is divided by 28?
25
Let k(y) = -8*y - 2. Suppose 3*o = 2*r - 8, -3*o + 0 = 3*r + 3. What is the remainder when 41 is divided by k(o)?
13
Suppose 6*c + 40 = 14*c. Calculate the remainder when 44 is divided by c.
4
Let t be ((-6)/(-21))/(4/28). Suppose -5*r - t = -22. What is the remainder when r is divided by 3?
1
Let q(d) = 3*d**2 + 21*d + 3. Calculate the remainder when q(-9) is divided by 22.
13
What is the remainder when 90 is divided by (-90)/(-4) + (-2)/4 + -3?
14
Let p = 32 - 4. Calculate the remainder when 77 is divided by p.
21
Let j = -6 + 12. Let v be j/21 + 4/(-14). Suppose 16 = -4*o, -4*i - 5*o + v*o = -32. What is the remainder when 24 is divided by i?
11
Suppose -q + 39 = 14. Suppose -3*n = -2*n - 48. What is the remainder when n is divided by q?
23
Let o(k) = 7*k - 58. What is the remainder when o(20) is divided by 21?
19
Let o = -41 - -44. Let t(u) = u - 1. What is the remainder when o is divided by t(3)?
1
Suppose -2*f = -5*f - 9. Calculate the remainder when f/(-15) - (-188)/10 is divided by 5*1/((-2)/(-4)).
9
Suppose 70 = -5*w + 345. Suppose 3*g = 4*z - w, -2*z - g = -6*z + 61. Calculate the remainder when 47 is divided by z.
15
Suppose 3*v - 7*v - x + 61 = 0, -11 = -v + 4*x. What is the remainder when 57 is divided by v?
12
What is the remainder when 25 is divided by 2/((-1)/21*-3)?
11
Let s = 47 - 29. Calculate the remainder when 33 is divided by s.
15
Suppose -4*s + 3*f = -102, -s - 2*f + 21 = 1. Let d = s + 4. Suppose -4*n = 2*r - 32, -4*r + 4*n + n = -25. Calculate the remainder when d is divided by r.
8
Let j = 6 + 6. Let s = 20 - j. What is the remainder when 4 - 27*(-2)/3 is divided by s?
6
Suppose -4*k - 8 = 2*y, 2*y + 8 = k - 6*k. Let b(j) = j**2 - 10. Let l be b(0). Let r = k - l. Calculate the remainder when 28 is divided by r.
8
Suppose 1 = -2*u + 5. Suppose 4*a - 30 = -f + u*a, f + 5*a = 30. Calculate the remainder when f is divided by 16.
14
Suppose 2*x + 2*x - 36 = 5*y, -3*x = 2*y - 27. Let g = 13 + -20. Let c = g + x. What is the remainder when 4 is divided by c?
0
Let z = 21 + -17. Suppose -2*c = -3*h + 61, 5*c + 100 = z*h + h. Calculate the remainder when 40 is divided by h.
19
Let i = -32 - -60. Let n = 7 + 3. What is the remainder when i is divided by n?
8
Let c(f) = f + 25. Suppose 4*d - 2*z + 4 = 0, -12 = -d - 4*z - 4. Calculate the remainder when c(d) is divided by 13.
12
Let q = 35 + -22. Calculate the remainder when q - (-1 + 2 - -2) is divided by 3.
1
Let b = 6 - 5. Let t(v) = 8*v**3. Calculate the remainder when 23 is divided by t(b).
7
Let x(g) be the second derivative of -g + 1/6*g**3 + 13/2*g**2 + 0. Calculate the remainder when 13 is divided by x(-6).
6
Suppose -4*u - 2*o - 2*o = 0, -4*u + 9 = o. Suppose -d = u*d - 224. What is the remainder when d is divided by 19?
18
Let q(b) = -b**2 + 12*b + 12. What is the remainder when q(11) is divided by (-20)/(-2) - (-10)/(-5)?
7
Suppose f + 12 - 31 = 0. Calculate the remainder when (-5)/(-10)*(75 - 3) is divided by f.
17
Suppose 0 = 6*b - 4*b + 20. What is the remainder when 7 is divided by (5/b)/(2/(-12))?
1
Let a be (13 - 16) + (1 - -102). Suppose 3*w = -4*u + 108, 4*w - a = -4*u + 3*w. Calculate the remainder when u is divided by 13.
11
Let v(i) be the third derivative of i**5/12 - i**4/8 + i**3/2 + 4*i**2. What is the remainder when 65 is divided by v(2)?
14
Let t(i) = 2*i**2 - 55*i + 6. What is the remainder when t(29) is divided by 26?
15
Suppose -6*t + 19 + 35 = 0. Calculate the remainder when 13 is divided by t.
4
Suppose 0 = -7*j + 265 - 97. Calculate the remainder when 93 is divided by j.
21
Let w(t) = t**2 - 10*t + 8. Suppose 10 = -2*p, 55 = d + 4*d - p. Calculate the remainder when 29 is divided by w(d).
5
Let b be (-6)/3*14/7. Let m(v) = -v**3 + 6*v**2 - 4*v + 2. Let s be m(4). Let y = s + b. Calculate the remainder when y is divided by 8.
6
Let v(u) = 1 - 2*u - 4 - 2. What is the remainder when 18 is divided by v(-6)?
4
Suppose 263 = -5*l + 53. Let s = 18 - l. What is the remainder when s is divided by 21?
18
Let j = 5 - 11. Let k = 14 + j. Let x(h) = 7*h**2 - 4*h + 3. Calculate the remainder when x(2) is divided by k.
7
Let i(n) = n**3 - 12*n**2 + 10*n + 7. Let w be i(11). Suppose 4*p = -3 - 5. What is the remainder when 20 is divided by (2/w)/(p/44)?
9
Suppose 0 = v - 0*v - 21. Suppose -4*z - 3*a + 44 = 0, 2*z - v - 3 = -2*a. Calculate the remainder when 13 is divided by z.
5
Suppose 176 = j + 3*j. Calculate the remainder when j is divided by 23.
21
Let c = -120 - -177. Suppose -17 = -5*h + 58. Calculate the remainder when c is divided by h.
12
Let p = 18 - 13. Calculate the remainder when 8 is divided by p.
3
Suppose -4*t - 3*w = -14, -5*t - 4*w + 16 = -w. Calculate the remainder when 5/(60/56)*3 is divided by (1 - 3)/(t/(-5)).
4
What is the remainder when 43/9 - (-16)/72 is divided by 4?
1
Let z = 211 + -129. What is the remainder when z is divided by 21?
19
Let b = -49 + 25. Let g = b - -15. Calculate the remainder when (g/6)/((-6)/116) is divided by 16.
13
Suppose p - 24 = 3*k, 2*k = -4*p + 5*k + 60. Calculate the remainder when p is divided by 6.
0
Let b = -4 + 13. Let o = b + 14. Calculate the remainder when o is divided by 8.
7
Suppose 2*k - 28 + 124 = 0. Let q = -11 - k. What is the remainder when q is divided by 10?
7
Let f = 42 + -26. What is the remainder when -2*(1 + 63/(-2)) is divided by f?
13
Calculate the remainder when -2 - (-11)/((-44)/(-144)) is divided by 12.
10
Suppose t = -5*m + 58, -3*m - 2*t = -0*t - 39. What is the remainder when m is divided by 7?
4
Let m = 29 - -21. Let b(s) = 26*s**2. Calculate the remainder when m is divided by b(-1).
24
Suppose 0 = -d + 5*d - 48. Suppose 1 = 3*j + l - d, 1 = -j + l. Suppose 0 = -j*a + 2*a + 46. Calculate the remainder when a is divided by 16.
14
Let n(g) be the third derivative of -g**4/6 - 5*g**3/6 - g**2. What is the remainder when n(-7) is divided by 2*1/(-2) + 7?
5
Suppose 5*f - n = 112, -f = -2*n - n - 28. What is the remainder when 65 is divided by f?
21
Let f(d) = -4*d - 1. What is the remainder when f(-11) is divided by 15?
13
Suppose o = -2*o + 6. Suppose 5*s + o*x = 523, -3*s + 368 - 47 = 3*x. Suppose -72 - s = -5*b + a, 0 = -2*a + 10. What is the remainder when b is divided by 19?
17
Suppose -40 = -c + f - 10, 2*c - 4*f - 66 = 0. Let a(s) = -s**3 - s**2 + 78. What is the remainder when a(0) is divided by c?
24
Suppose 0 = -5*f - q - 8 + 31, -5*q + 15 = 5*f. Suppose 8*j - 65 = 3*j + f*a, 2*a = -4*j + 70. Calculate the remainder when j is divided by 6.
4
Suppose -2*o + 135 + 1 = 0. Suppose -8 = -d + 6. What is the remainder when o is divided by d?
12
Suppose -70 - 18 = -2*x. Calculate the remainder when x is divided by 16.
12
Suppose -7*g - 25 = -2*g. Let q = g + 10. Calculate the remainder when 8 is divided by q.
3
Let c(h) = -13 + 2*h**2 - h + 17 - h**2. Let b be (-5)/((-2)/2) + -2. Calculate the remainder when 19 is divided by c(b).
9
Let k(u) be the first derivative of u**4/4 + 5*u**3/3 + 3*u**2/2 + 3*u - 10. Let x be -2 - (-2)/(-4)*2. What is the remainder when k(x) is divided by 5?
2
Let n = 5 + 1. Calculate the remainder when n/10 + (-536)/(-40) is divided by 5.
4
Let p = 0 + 1. Let c(m) = 3*m - 1. Let q be c(0). What is the remainder when (p*q)/(4/(-92)) is divided by 8?
7
Suppose 41*i - 54 = 32*i. What is the remainder when i is divided by 6?
0
Suppose -o + 41 = 3*l, -3*o = -6*l + l + 87. What is the remainder when 22 is divided by l?
7
Let r(u) = u**2 + 10*u + 14. Let l be r(-13). Suppose d = -3*z + l, z - 245 = -4*d - 0*z. What is the remainder when d is divided by 16?
14
Let p(q) = 4*q - 2. Let i(l) = -7*l + 4. Let v(t) = 2*i(t) + 5*p(t). What is the remainder when v(3) is divided by 1/((-2)/(-18) - 0)?
7
Let w(b) = b + 10. Calculate the remainder when 26 is divided by w(-3).
5
Let x(j) = -3*j. Let o be x(1). Let g(m) = -13*m + 5. Calculate the remainder when g(o) is divided by 23.
21
Let v(x) = 13*x + 3. Let w be v(2). Calculate the remainder when (1/(-1))/((-1)/w) is divided by 8.
5
Let l(s) be the first derivative of -s**2/2 + 3*s - 6. Calculate the remainder when 13 is divided by l(-5).
5
Suppose -5*z + 22 + 5 = 2*g, -4*z + 4 = 0. What is the remainder when 50 is divided 